*d(p) + 2*j(p). Let m be c(1). Let a = m - -41. Does 15 divide a?
True
Let t(h) = 124*h**2 - 51*h - 2. Is 8 a factor of t(-4)?
False
Let p(o) = -2*o**2 + 2*o + 2. Let u be p(-1). Is 4 a factor of (u/(-3))/(3 + 106/(-36))?
True
Let b(a) = -39*a - 177. Does 4 divide b(-15)?
True
Let g = 332 - -484. Does 17 divide g?
True
Let k(a) = -a**2 - 11*a + 32. Let v be k(-10). Let n = v + 94. Does 17 divide n?
True
Let v be (-8078)/(-63) + -1 + (-14)/(-18). Let y = v - 28. Is y a multiple of 20?
True
Suppose 275 = x + 5*c, 3*x + 26*c = 31*c + 765. Is x a multiple of 32?
False
Let m be -3 + 15 + (-1 - -2). Suppose -5*n = -5*h + 45, 4*n + 11 = h - m. Suppose h*s + 69 = 261. Is s a multiple of 16?
True
Let b be (-26)/(-7) - (-2)/7. Let l(v) be the second derivative of v**5/20 - 5*v**4/12 + 7*v**3/6 - 9*v**2/2 + 149*v. Does 2 divide l(b)?
False
Let c be (-1)/(3*(-3)/(-216)). Let f be (c/(-10))/(12/40). Does 26 divide (156/(-16))/((-1)/f)?
True
Let w = 1 - -3. Let h(l) be the second derivative of 7*l**3/6 + l**2 - 130*l. Is h(w) a multiple of 10?
True
Suppose 2*m + 6 = -0*m. Let y be (-2)/(-4)*(3 + m). Suppose -4*u = 4*c - 68, -2*c - 4*u = -y*u - 42. Is 4 a factor of c?
False
Suppose 2*q - 2*d + 4 = 0, -2*d = -4*q - q - 16. Let m be 2/4 - 6/q. Suppose m*x = 6*x - 256. Is 16 a factor of x?
True
Let w = -17 + 20. Suppose 7*g = -w*g + 440. Is 2 a factor of g?
True
Let n(r) = 11*r - 6. Suppose 3*k - 6 = -5*h, 2*h = 3*k - 2*h - 6. Is 6 a factor of n(k)?
False
Suppose 0 = -b + 1, -u - 4*b - 1 - 1 = 0. Does 17 divide 114 + (-2 + 1)/(u/(-12))?
False
Is (-9)/6*(1100/(-12) + -1) a multiple of 10?
False
Does 19 divide (-3)/(-3) - 5 - (-50 - 11)?
True
Let t = 12 + -7. Suppose 8 = -5*h + 3. Does 12 divide h - (-81)/(-2 + t)?
False
Let m = 264 + -226. Does 19 divide m?
True
Let t(x) = 8*x**2 + 130*x + 31. Is 23 a factor of t(-22)?
False
Suppose 0 = -4*p + 107 - 27. Let b = p - -43. Is b a multiple of 21?
True
Suppose -13*m = -11*m - 508. Is 5 a factor of m?
False
Let b = 4628 + -3190. Does 44 divide b?
False
Is 22 a factor of 1/((-15)/(-12) - (-1842)/(-1480))?
False
Let i(c) = 5*c**3 + c**2 - 3*c + 3. Let d be i(1). Suppose -3*k = -d*k + 3*t + 102, -5*k + 174 = -t. Is k a multiple of 13?
False
Let r = 18 - -3. Let s(t) = 5*t**2 + 46*t - 32. Let p be s(-10). Suppose 0 = -4*g + p, 3*c + g = 56 - r. Is c a multiple of 2?
False
Let h(v) = v**3 - 9*v**2 + v + 109. Is h(7) a multiple of 18?
True
Does 8 divide 4609/11 + (1 - (-5 - -5))?
False
Let m(w) = -w**3 + 7*w**2 + 14*w + 12. Does 18 divide m(5)?
False
Let y = 4 - 2. Suppose l = -y*l. Suppose l = t - 33 + 12. Is t a multiple of 7?
True
Suppose -4*r = -m - 10, -2*r - 2*m = 3*m - 16. Suppose 0*k - 54 = -r*k. Let s = -6 + k. Is 6 a factor of s?
True
Let s be 1 + 2486/14 + 3/7. Let p = s - 123. Does 29 divide p?
False
Let o(u) = 8*u + 351. Is 39 a factor of o(0)?
True
Does 10 divide (43 - 2)/(35/385)?
False
Let i = -1241 + 1779. Is 22 a factor of i?
False
Let g = 93 - 62. Suppose 21 = 2*s + 3*k, -4 + g = s - 4*k. Let n = s - 10. Does 2 divide n?
False
Suppose 5*q - 415 = -t, 5*t + 4*q + 0*q = 2075. Suppose 6*a + 151 = t. Is a a multiple of 5?
False
Let l(j) = -j. Let u be l(-3). Let i(y) = 5*y**3 - 6*y**2 + 5*y - 6. Does 18 divide i(u)?
True
Let q be (-10*(-93)/24)/((-1)/4). Let k = 239 + q. Is k a multiple of 12?
True
Let f(v) = v**3 + 5*v**2 + 2*v - 2. Let i be f(-4). Let r(l) = l**2 - 4*l - 2. Let t be r(i). Is (-4)/t + (-297)/(-5) a multiple of 15?
False
Suppose 4*u + 2 = 2*t - 30, -5*t + 2*u = -40. Suppose -l - 10 = -t*l. Does 14 divide -2 + l/((-2)/(-31))?
False
Let d be (48/40)/(6/10). Suppose -14 = -2*k - d. Does 3 divide k?
True
Suppose -2*u = -2*z - 6*u + 22, 4*u - 10 = 2*z. Let x be 1*(0 - -1) + 12. Let s = x - z. Does 10 divide s?
True
Let g(f) = -12*f - 11. Let p(b) = b - 1. Let q(m) = g(m) + 5*p(m). Is 7 a factor of q(-8)?
False
Let o(w) = -8*w + 2. Let p be o(-1). Suppose -3*f + f = -a + p, -3*a = 2*f - 6. Let q(v) = 5*v**2 + 3*v + 4. Is 23 a factor of q(f)?
False
Let f = -10 + 10. Suppose -a - 49 + 249 = f. Suppose -4*o + a = o. Is o a multiple of 12?
False
Let u be -58*(-1)/(-2)*-1. Let d = u - 18. Let j(w) = 5*w + 1. Is j(d) a multiple of 17?
False
Let m(r) = 61*r**2 + 6*r + 2. Let v be m(4). Suppose -2*l = l - v. Is l a multiple of 49?
False
Let t = 757 + -409. Is 5 a factor of t?
False
Let w(c) be the first derivative of -c**4/4 - 2*c**3 - 6*c**2 + 7*c + 23. Is 33 a factor of w(-8)?
True
Let d = 34 - 24. Let a be (4/d)/(2/10). Suppose -3*b - 3*r + 114 = 0, 2*b = -a*r + 6*r + 82. Does 13 divide b?
True
Suppose 0 = -14*u + 19*u - 1095. Let a = 364 - u. Suppose 0 = 8*p - a - 815. Is p a multiple of 24?
True
Suppose -2*m - 2 = 0, s - m - 2045 = 4*m. Does 51 divide s?
True
Let u be (-3)/(-18) - 635/30. Let v = 33 + u. Is v a multiple of 5?
False
Let d be (-1)/7 - (-192)/(-28). Let x(t) be the second derivative of t**5/20 + t**4/2 - 7*t**3/6 + t**2 - 3*t. Does 2 divide x(d)?
True
Let d(a) = -6*a**3 - 19*a**2 + 13*a - 12. Does 16 divide d(-7)?
True
Let w = -1260 + 2466. Does 10 divide w?
False
Suppose 5*o + b + 88 = 0, 27 = -4*o - 2*b - 41. Let p(l) = l**3 + 8*l**2 + 20*l + 13. Let v be p(-5). Does 11 divide (-3)/o - 262/v?
True
Let p = 29 + -19. Suppose 56 = 6*m - p*m. Let t(r) = -r - 3. Does 11 divide t(m)?
True
Suppose -10*u - 396 + 1296 = 0. Suppose -2*z - 2*z + 20 = 0. Suppose k - u = z. Is 12 a factor of k?
False
Let x(b) = -116*b**3 + 3*b**2 + 6*b + 8. Does 36 divide x(-2)?
True
Let y be 6/(-4)*(-56)/12. Let q = -8 + y. Is 3 a factor of (-85)/(-20) - q/(-4)?
False
Let f be (-238)/(-6) - (-1)/3. Suppose 25 = 5*i, -2*b + 2*i - 8 = -f. Does 6 divide b?
False
Let x be -3 + (2 - 4)/(-2). Let h = x + 47. Is h a multiple of 15?
True
Suppose 4*l - 52 = 88. Let s = 5 + -1. Suppose s*f - l + 7 = 0. Is f even?
False
Suppose -2*v = -3*v - 3*j - 7, -2*v + 18 = -2*j. Suppose -985 = -5*p + v*k, -4*p + p + 594 = -2*k. Suppose 5*g + p = 10*g. Is g a multiple of 20?
True
Let j(g) = g + 28. Suppose -n + 6*n = -90. Does 5 divide j(n)?
True
Let u(r) be the first derivative of r**2 - 3*r + 6. Let l be u(4). Suppose l*g - 5*d - 80 = 0, 5*d = 4*g - 9*g + 40. Does 6 divide g?
True
Suppose 3*r - 44 + 11 = 0. Let y(z) = 153*z - 1 + z**2 - 311*z - 4 + 150*z. Is 14 a factor of y(r)?
True
Let y be (-14)/(-119) - (-49)/17. Let s(z) = -2*z**3 - 2 + 2*z**y + 7*z**2 + z**3 - 1 - z. Is s(-3) a multiple of 12?
True
Suppose 8*l + 2*l - 2270 = 0. Does 12 divide l?
False
Suppose 2*w - 782 = -w - 4*g, -3*g - 544 = -2*w. Is 19 a factor of w?
True
Let l(i) = 4*i**3 - i**2 - 1. Is l(1) even?
True
Let q = -56 + 30. Let f = q - -46. Is 12 a factor of f?
False
Let o(d) = -d**2 - 12*d + 33. Let m be o(-14). Suppose -60 - 20 = -m*u. Does 3 divide u?
False
Let s(d) = -58*d - 6. Let g = 51 + -54. Does 12 divide s(g)?
True
Suppose 3*s - 3*q - 64 = -s, 0 = s + 5*q - 39. Let h = s - -26. Is 15 a factor of h?
True
Does 9 divide (-54952)/(-168) + 2 + 132/(-63)?
False
Suppose 0 = -3*q - 1 + 7. Suppose -5*w = q*n + 263, -2*n - 1 = -3*n. Let l = 42 - w. Does 16 divide l?
False
Suppose 0 = -3*r + 5 + 4. Suppose -555 = -3*b + 2*j, b - 5*b = -r*j - 740. Is b a multiple of 14?
False
Does 4 divide 11/((-11)/4) + 235 + -5?
False
Suppose -5*i + 2*v = -v - 9, -4*v = 4*i - 20. Suppose 4*t + 2*d = -10, 7 = -i*t - 0*t - 2*d. Does 3 divide ((-81)/18)/(t/8)?
True
Let f = 1 + -7. Let a(m) = -11*m**2 + 7*m - 17. Let k(j) = 5*j**2 - 3*j + 9. Let b(t) = 4*a(t) + 9*k(t). Is 12 a factor of b(f)?
False
Let g = -387 - -883. Is 6 a factor of g?
False
Is 5*18536/35 + 7 a multiple of 9?
True
Is 11 a factor of ((-52)/52)/((3/(-253))/3)?
True
Let a = 35 - -41. Let z = 10 + a. Is z a multiple of 10?
False
Suppose -5*n + 0*c + 40 = -5*c, c + 26 = 3*n. Let q(b) = -28*b + 18. Let k be q(n). Is 11 a factor of 10/15*k/(-4)?
False
Let s(g) = -54 + 2*g - 7*g - 2*g. Does 5 divide s(-10)?
False
Let k(j) = j**3 + 3*j**2 + 3*j - 5. Does 7 divide k(5)?
True
Let y = 14 + -6. Suppose -y*v + 7*v = 17. Let p = -3 - v. Is 7 a factor of p?
True
Let u(r) = 14*r**2 - 16*r + 16. Is u(9) a multiple of 55?
False
Let u(y) = 5*y**3 + y - 1. Let o(x) = -x**3 - 8*x**2 + 8*x - 8. Let w be o(-9). Let l be u(w). Suppose 4*r - 14 = -3*c, l*c + 15 + 15 = 4*r. Is 3 a factor of r?
False
Let d = -38 + 68. Suppose -8*r - d 